t + 12 = t. List the prime factors of (-4)/t - (-7)/((-63)/(-2802)).
311
List the prime factors of ((-108)/(-16))/9 + 2522/8.
2, 79
Suppose -p - 17 = -4*k, 3 = p + 5*k - 16. What are the prime factors of p + -1 - (-558)/9?
2, 3, 5
Suppose 3*f + 9 = 24. Suppose -4*t = f*w - 318, -3*t + 133 = -4*w - 121. List the prime factors of t.
2, 41
Suppose 1112 = 2*b - 3*y, -1668 = -3*b + 3*y - 5*y. What are the prime factors of b?
2, 139
Let x(i) = 15*i - 1. Let d be x(1). Suppose -q - 3*q + 20 = 2*k, 4*q + 5*k - d = 0. List the prime factors of (132/10)/(q/20).
2, 11
Let r(i) = -2*i**2 - 8*i - 3. Let c be r(-4). What are the prime factors of ((-134)/6*c)/1?
67
What are the prime factors of (-7*21/(-245))/((-1)/(-65))?
3, 13
Suppose 14 = 4*u - 34. Suppose 15 + u = t + 5*z, 4*t - 172 = -4*z. Suppose 2*p - 6*p = 5*i - 259, 4*p + t = i. What are the prime factors of i?
3, 17
Let o(c) = 7*c**2 - 10*c + 22. What are the prime factors of o(8)?
2, 3, 5, 13
Suppose a - 5 = 0, a = -2*j + 7 + 8. Suppose 0*q - 200 = -4*q + 4*r, -j*q = 2*r - 278. List the prime factors of (-12)/q - 182/(-9).
2, 5
Let g be ((-3338)/36 - (-12)/54)*-2. Suppose -5*y + 2*c + 38 = 0, 4*c - 22 + 8 = -5*y. Suppose y*h - g = h. What are the prime factors of h?
37
Let p = -8 + 20. Suppose 3*r - 2*r - p = 0. What are the prime factors of r?
2, 3
Suppose 2*r - 6 = -0*r. Suppose 0 = -5*c, -r*o + 2*c = -13 - 95. Let g = o + -15. List the prime factors of g.
3, 7
What are the prime factors of (288 - (-4 - -5 - -1)) + 5?
3, 97
Let a(b) = -b**3 - b**2 - b + 158. Let r = 7 - 7. List the prime factors of a(r).
2, 79
Let d(y) be the first derivative of -y**4/4 + 3*y**3 - 4*y**2 + 3*y - 18. What are the prime factors of d(5)?
3, 7
Let p = -477 - -699. Let b = p + 0. What are the prime factors of b?
2, 3, 37
Let h be 1 - (212 - (2 + -3)). Let o = -117 - h. List the prime factors of o.
5, 19
Suppose -3*k = -6*k. Suppose c + 2*q + 3*q - 95 = k, 0 = -3*c - q + 285. What are the prime factors of c?
5, 19
Let a be (6/(-10))/((-12)/60). Let r(c) = -4 - a*c - 8 - 3*c. What are the prime factors of r(-6)?
2, 3
Suppose 0 + 3 = -3*h. Let o be 6/h*160/30. Let y = o - -89. List the prime factors of y.
3, 19
Let m(h) = -25*h + 8. Suppose 4*w + 3*q + 19 = -16, 0 = -4*q - 20. Let d be m(w). Let t = d - 93. What are the prime factors of t?
2, 5
Suppose -3*q + 9 - 3 = 0. Suppose -4*p = -q*p - 20. Let m = 7 + p. List the prime factors of m.
17
Let g(j) = 33*j**2 - 20*j + 44. List the prime factors of g(6).
2, 139
Suppose v + 833 = -3*r - r, 0 = -3*r + 3*v - 636. Let b = -141 - r. What are the prime factors of b?
2, 17
Suppose 2*y - p - 10795 = 0, -26*y - 2*p - 5402 = -27*y. List the prime factors of y.
2, 19, 71
Suppose 5 = -3*j - 5*m - 15, 4*j - 4 = m. Suppose -a + 24 = 3*i - 3*a, 2*a = -6. Suppose j = -i*g + g + 285. List the prime factors of g.
3, 19
Suppose 0 = 5*r - 25, r + 1141 + 6014 = 5*g. What are the prime factors of g?
2, 179
Let q = -84 + -238. Let i be 3/2 + q/(-4). Let w = 151 - i. What are the prime factors of w?
3, 23
Let r be (-6)/(-72)*9 - (-127)/(-4). Let k = 80 + r. What are the prime factors of k?
7
Let p be 12/9*15/10*-1. What are the prime factors of (88/8 - 7)/(p/(-72))?
2, 3
Suppose 0 = -5*f - 67 - 433. Let x = f - -209. List the prime factors of x.
109
Let r(h) = 3 + 0*h**2 - h**2 + 8*h - 3. Let o be r(6). List the prime factors of o/4 + (31 - -2).
2, 3
Let a be (-9)/21 + (-1839)/21. Let b = 141 + a. List the prime factors of b.
53
Suppose -3*n + 21*d = 24*d - 1731, -2*n + 3*d = -1129. What are the prime factors of n?
2, 11, 13
Suppose f + 12 = 3*q, 7*q - 32 = 3*q - 4*f. Let b be (-8 - -4)/(-2) - 2/(-2). Suppose b*d = q*d - 18. What are the prime factors of d?
3
List the prime factors of 4297 + (-3 - 5) + -13.
2, 1069
Suppose 4*w + 2*x = x + 43, -2*x = 2*w - 20. Let z be (-12)/(-28) - w/(-7). Suppose -p - z*l = -2, 4*l + 52 = 4*p + p. List the prime factors of p.
2
Suppose -h + 60 = -5*h. Let w = h - -94. What are the prime factors of w?
79
Let b = -1490 - -3214. List the prime factors of b.
2, 431
What are the prime factors of ((-2 - -5) + -2)/((-2)/(-706))?
353
Let s = 590 + -99. List the prime factors of s.
491
Let g(k) = -k**3 + 23*k**2 + 21*k - 13. List the prime factors of g(23).
2, 5, 47
Let l be -66*(10/4 - 3). Let s be 44/l*3/(-2). List the prime factors of ((-160)/(-56))/(s/(-35)).
2, 5
Let p = -5913 + 9103. List the prime factors of p.
2, 5, 11, 29
Suppose -i = -30*c + 32*c - 394, -9 = 3*c. List the prime factors of i.
2, 5
Suppose 8*s = -5*q + 3*s + 75, 0 = 3*q - 2*s - 55. List the prime factors of q.
17
Let y be (-46)/(-299) - (-63)/13. Suppose -10*h + y*h + 200 = 0. List the prime factors of h.
2, 5
Suppose 6*z - 406 = 2*z + 5*t, 102 = z - t. Suppose f + 4*k - 171 = 0, -3*k = 2*f + z - 471. What are the prime factors of 6/(-27) + f/9?
3, 7
Suppose -3*r - 4*a + 83 = -2055, -5*r + 3542 = -4*a. List the prime factors of r.
2, 5, 71
Let u = 380 + 1296. List the prime factors of u.
2, 419
Let h(d) = 21*d**3 + 10*d**2 - 40*d + 25. Let w(n) = -4*n**3 - 2*n**2 + 8*n - 5. Let g(m) = -2*h(m) - 11*w(m). What are the prime factors of g(5)?
5, 53
Let t(z) = z**3 - 3*z**2 - 4*z - 3. Let m be t(4). Let g(n) = -4*n**2 + 574 - 2*n**3 - n + 0*n - 576. List the prime factors of g(m).
19
Let v = -11 + 16. Let f(q) = 2*q - 6 + 0*q - 1. What are the prime factors of f(v)?
3
Let r(s) = s**2 + 10*s + 1. Let m be r(-11). Suppose 0 = -4*f + m, 0*b + 271 = 5*b - 3*f. List the prime factors of b.
2, 7
Let t(z) = 3*z + 3. Let g be (8 + -10)/((-2)/13). What are the prime factors of t(g)?
2, 3, 7
Let o be 34/85 - (-216)/10. Suppose -o = -j + 11. What are the prime factors of 6/j - 480/(-22)?
2, 11
Suppose 4*c - 6687 + 1099 = 0. List the prime factors of c.
11, 127
Suppose 0 = -5*v - v. Suppose v = -8*o + 4*o. Suppose 2*z = -o*z + 28. What are the prime factors of z?
2, 7
What are the prime factors of (-9399)/(-65)*(-10)/(-3)?
2, 241
Suppose m = -2*t + 4450 - 832, 0 = -3*t - m + 5429. List the prime factors of t.
1811
Let u = -35 + 90. Suppose 158 = y - u. What are the prime factors of y?
3, 71
Suppose 429 - 75 = 3*m - 4*p, -5*p + 381 = 3*m. What are the prime factors of m?
2, 61
Let z be (1*(0 - -8 - -1))/1. Suppose 5*y - 29 = -z. List the prime factors of y.
2
Suppose -4*s + 2987 - 323 = 0. What are the prime factors of s?
2, 3, 37
Suppose 2*j - 462 = -2*u, 0 = -j + 3*u + 346 - 103. What are the prime factors of j?
2, 3, 13
Suppose 24*v = 9*v + 12105. What are the prime factors of v?
3, 269
Suppose 4*a - 17 - 7 = 0. Let i(h) = 7*h**3 - h**2 + 2*h - 18. Let q(m) = m**3. Let x(b) = a*q(b) - i(b). What are the prime factors of x(0)?
2, 3
Let k(w) = 8*w**2 + 6*w + 7. Let j be k(-3). Let z = j + -8. List the prime factors of z.
53
Suppose 5*s = 9*s + 16. Let t be (-24)/(-10)*(-10)/s. Suppose -15 = 3*g, 0 = 2*x + t*g - g + 1. List the prime factors of x.
2, 3
Let k be (-2735)/(-10)*8/4. Suppose 7*j - 748 = k. List the prime factors of j.
5, 37
Suppose 2*y = 63 - 11. Let c = 18 - y. List the prime factors of 4/(-16) + (-178)/c.
2, 11
Let h(k) = -k**3 + 20*k**2 + 2*k - 27. What are the prime factors of h(8)?
757
Let r = -8 - -13. Suppose -315 = -0*t - r*t. What are the prime factors of t?
3, 7
Suppose -12*t + 2692 = -1988. What are the prime factors of t?
2, 3, 5, 13
Let m(r) = -3*r - 11. Let i be m(-7). Suppose 0 = -w - i - 16. List the prime factors of 620/26 + (-4)/w.
2, 3
Suppose w - 62 = -4*y, -2*w + 118 = 2*y + 3*y. Suppose 286 = 2*j + w. List the prime factors of j.
2, 29
Suppose 876 = -6*w - 48. Let o = -34 - w. List the prime factors of o.
2, 3, 5
Let f = -20 + 22. List the prime factors of (1 - 117/(-6))*f.
41
Suppose -28917 = 23*f - 50*f. What are the prime factors of f?
3, 7, 17
Let z(s) = s**3 + 4*s**2 - 3*s - 6. Let p be z(-3). Suppose 0 = 9*f - 13*f + p. Suppose -f*a + 0*a = -81. List the prime factors of a.
3
Let w = -58 - -56. List the prime factors of (7 - 14)/((-1)/(15 - w)).
7, 17
Suppose -2*i = -13*i + 12705. What are the prime factors of i?
3, 5, 7, 11
Let k(c) = -c**3 + 6*c**2 + 3*c + 2. Let j be k(6). Let b = 13 + -11. Suppose -i = -b*i + j. List the prime factors of i.
2, 5
Let g be 14/8*(-8 + 16). Let r(u) = -u**2 + 14*u - 6. Let j be r(g). What are the prime factors of ((-4)/j)/(6/207)?
2